{"id":179,"date":"2024-10-31T06:37:40","date_gmt":"2024-10-31T06:37:40","guid":{"rendered":"https:\/\/gusso.me\/?page_id=179"},"modified":"2024-10-31T06:37:40","modified_gmt":"2024-10-31T06:37:40","slug":"sobre","status":"publish","type":"page","link":"https:\/\/gusso.me\/?page_id=179&lang=pt","title":{"rendered":"Sobre"},"content":{"rendered":"<p><span style=\"font-weight: 400;\">Nasci e cresci em uma pequena vila na regi\u00e3o metropolitana de Curitiba. Com minha fam\u00edlia, aprendi o valor de estar em contato com a natureza, de andar descal\u00e7o e de cultivar boas rela\u00e7\u00f5es, baseadas em respeito e afeto.<\/span><\/p>\n<p><span style=\"font-weight: 400;\">Na adolesc\u00eancia, ingressei no ensino t\u00e9cnico em eletr\u00f4nica, onde aprendi a gerenciar minha pr\u00f3pria vida acad\u00eamica, escolhendo disciplinas e atividades nas quais participar. Durante esse per\u00edodo, tive o prazer de integrar a primeira equipe no Brasil a produzir biocombust\u00edvel a partir de \u00f3leo de cozinha usado. Tamb\u00e9m me tornei profissional aut\u00f4nomo, realizando manuten\u00e7\u00e3o de computadores numa \u00e9poca em que anunci\u00e1vamos no jornal impresso e receb\u00edamos liga\u00e7\u00f5es em um pager (um pequeno aparelho que vibrava) para depois retornar aos clientes usando um orelh\u00e3o.<\/span><\/p>\n<p><span style=\"font-weight: 400;\">Durante as manuten\u00e7\u00f5es nas casas das fam\u00edlias e em pequenas empresas, descobri o que realmente me encantava: entender a complexidade dos comportamentos e dos relacionamentos humanos. Trabalhei em diferentes empresas com manuten\u00e7\u00e3o de computadores e equipamentos eletr\u00f4nicos antes de transitar da eletr\u00f4nica para a psicologia, em 2001.<\/span><\/p>\n<p><span style=\"font-weight: 400;\">Ao ingressar na gradua\u00e7\u00e3o em Psicologia, encontrei meu lugar no mundo. Entre as disciplinas, a An\u00e1lise do Comportamento me cativou por ser cientificamente embasada e por suas amplas aplica\u00e7\u00f5es para melhorar a vida em comunidade. Ao longo da gradua\u00e7\u00e3o, me envolvi em projetos de pesquisa e interven\u00e7\u00e3o, atuando em m\u00faltiplas \u00e1reas da psicologia: educa\u00e7\u00e3o, organizacional, sa\u00fade, cl\u00ednica e ambiental.<\/span><\/p>\n<p><span style=\"font-weight: 400;\">Minha carreira avan\u00e7ou na \u00e1rea de treinamento e consultoria empresarial, enquanto eu continuava a trajet\u00f3ria acad\u00eamica com especializa\u00e7\u00e3o, mestrado e doutorado. Na p\u00f3s-gradua\u00e7\u00e3o, tive a oportunidade de trabalhar com os professores S\u00edlvio Botom\u00e9 e Olga Kubo, que me ajudaram a compreender profundamente a An\u00e1lise do Comportamento, especialmente a Programa\u00e7\u00e3o de Ensino, que hoje \u00e9 essencial na minha pr\u00e1tica profissional.<\/span><\/p>\n<p><span style=\"font-weight: 400;\">Tornei-me professor universit\u00e1rio, ministrando disciplinas, orientando e supervisionando alunos de gradua\u00e7\u00e3o, p\u00f3s-gradua\u00e7\u00e3o e profissionais em diferentes \u00e1reas. Lecionei por cinco anos na Universidade Positivo, per\u00edodo em que o curso foi classificado como o segundo melhor do pa\u00eds pelo MEC, e outros oito anos como professor concursado no Departamento de Psicologia da Universidade Federal de Santa Catarina (UFSC).<\/span><\/p>\n<p><span style=\"font-weight: 400;\">Ao longo do tempo, me especializei em tecnologias educacionais, desenvolvendo sistemas de ensino online baseados em Ci\u00eancias do Comportamento para promover desempenho, reten\u00e7\u00e3o e satisfa\u00e7\u00e3o de estudantes em cursos significativos para suas trajet\u00f3rias profissionais. Minha paix\u00e3o \u00e9 ajudar as pessoas a ensinar e aprender.<\/span><\/p>\n<p><span style=\"font-weight: 400;\">Em 2023, realizei uma nova transi\u00e7\u00e3o de carreira: desliguei-me do cargo de professor no Departamento de Psicologia da UFSC e assumi o posto de Head de Tecnologias Educacionais no PBS Together, um projeto para a forma\u00e7\u00e3o de profissionais em suporte positivo ao comportamento, na Austr\u00e1lia. Atualmente, sigo essa jornada na Austr\u00e1lia, onde o governo me concedeu resid\u00eancia permanente ao reconhecer meu trabalho como um Talento Global em tecnologias educacionais.<\/span><\/p>\n<p><span style=\"font-weight: 400;\">Continuo com algumas atividades no Brasil, orientando p\u00f3s-graduandos na UFSC, lecionando em cursos de p\u00f3s-gradua\u00e7\u00e3o online e supervisionando profissionais em An\u00e1lise do Comportamento.<\/span><\/p>\n<p><strong>Forma\u00e7\u00e3o Acad\u00eamica<\/strong><\/p>\n<ul>\n<li style=\"font-weight: 400;\" aria-level=\"1\"><span style=\"font-weight: 400;\">Doutor em Psicologia (UFSC)<\/span><\/li>\n<li style=\"font-weight: 400;\" aria-level=\"1\"><span style=\"font-weight: 400;\">Mestre em Psicologia (UFSC)<\/span><\/li>\n<li style=\"font-weight: 400;\" aria-level=\"1\"><span style=\"font-weight: 400;\">Especialista em Administra\u00e7\u00e3o (FAE)<\/span><\/li>\n<li style=\"font-weight: 400;\" aria-level=\"1\"><span style=\"font-weight: 400;\">Graduado em Psicologia (UFPR)<\/span><\/li>\n<li style=\"font-weight: 400;\" aria-level=\"1\"><span style=\"font-weight: 400;\">Auxiliar t\u00e9cnico em eletr\u00f4nica (UTFPR)<\/span><\/li>\n<\/ul>\n<p><strong>Certifica\u00e7\u00f5es e T\u00edtulos<\/strong><\/p>\n<ul>\n<li style=\"font-weight: 400;\" aria-level=\"1\"><span style=\"font-weight: 400;\">Acreditado honor\u00e1rio como Analista do Comportamento pela Associa\u00e7\u00e3o Brasileira de Ci\u00eancias do Comportamento (ABPMC)<\/span><\/li>\n<li style=\"font-weight: 400;\" aria-level=\"1\"><span style=\"font-weight: 400;\">Psic\u00f3logo (CRP 08\/06549)<\/span><\/li>\n<li style=\"font-weight: 400;\" aria-level=\"1\"><span style=\"font-weight: 400;\">Reconhecido como Global Talent em Tecnologia Educacional pelo governo australiano<\/span><\/li>\n<\/ul>\n<p><strong>Experi\u00eancia Profissional\u00a0<\/strong><\/p>\n<p><strong>\u00a0 \u00a0 \u00a0Atualmente:<\/strong><\/p>\n<ul>\n<li style=\"font-weight: 400;\" aria-level=\"1\"><span style=\"font-weight: 400;\">Head de Tecnologia Educacional &#8211; PBS Together, Austr\u00e1lia<\/span><\/li>\n<li style=\"font-weight: 400;\" aria-level=\"1\"><span style=\"font-weight: 400;\">Orientador volunt\u00e1rio de tese &#8211; Programa de P\u00f3s-Gradua\u00e7\u00e3o em Psicologia, UFSC, Brasil<\/span><\/li>\n<li style=\"font-weight: 400;\" aria-level=\"1\"><span style=\"font-weight: 400;\">Professor de p\u00f3s-gradua\u00e7\u00e3o &#8211; Instituto Continuum, Brasil<\/span><\/li>\n<li style=\"font-weight: 400;\" aria-level=\"1\"><span style=\"font-weight: 400;\">Orientador e supervisor em An\u00e1lise do Comportamento, com \u00eanfase em OBM, tecnologia educacional e ensino superior<\/span><\/li>\n<\/ul>\n<p><span style=\"font-weight: 400;\">\u00a0 \u00a0 \u00a0<strong>Experi\u00eancia Anterior:<\/strong><\/span><\/p>\n<ul>\n<li style=\"font-weight: 400;\" aria-level=\"1\"><span style=\"font-weight: 400;\">Professor do Departamento de Psicologia da UFSC (2015-2023)<\/span><\/li>\n<li style=\"font-weight: 400;\" aria-level=\"1\"><span style=\"font-weight: 400;\">Coordenador e membro da Comiss\u00e3o de Acredita\u00e7\u00e3o de Analistas do Comportamento da ABPMC (2017-2018)<\/span><\/li>\n<li style=\"font-weight: 400;\" aria-level=\"1\"><span style=\"font-weight: 400;\">Diretor da N1 Tecnologia Comportamental (2012-2015)<\/span><\/li>\n<li style=\"font-weight: 400;\" aria-level=\"1\"><span style=\"font-weight: 400;\">Professor do Curso de Psicologia da Universidade Positivo (2010-2015)<\/span><\/li>\n<li style=\"font-weight: 400;\" aria-level=\"1\"><span style=\"font-weight: 400;\">Consultor em treinamentos empresariais (2007-2014)<\/span><\/li>\n<li style=\"font-weight: 400;\" aria-level=\"1\"><span style=\"font-weight: 400;\">Professor de Psicologia na SOCIESC\/FGV (2008-2010)<\/span><\/li>\n<li aria-level=\"1\">Diretor Executivo da Tramontrip ONG (2002-2006)<\/li>\n<\/ul>\n","protected":false},"excerpt":{"rendered":"<p>Nasci e cresci em uma pequena vila na regi\u00e3o metropolitana de Curitiba. Com minha fam\u00edlia, aprendi o valor de estar em contato com a natureza, de andar descal\u00e7o e de cultivar boas rela\u00e7\u00f5es, baseadas em respeito e afeto. Na adolesc\u00eancia, ingressei no ensino t\u00e9cnico em eletr\u00f4nica, onde aprendi a gerenciar minha pr\u00f3pria vida acad\u00eamica, escolhendo [&hellip;]<\/p>\n","protected":false},"author":1,"featured_media":0,"parent":0,"menu_order":0,"comment_status":"closed","ping_status":"closed","template":"","meta":{"footnotes":""},"class_list":["post-179","page","type-page","status-publish","hentry"],"_links":{"self":[{"href":"https:\/\/gusso.me\/index.php?rest_route=\/wp\/v2\/pages\/179","targetHints":{"allow":["GET"]}}],"collection":[{"href":"https:\/\/gusso.me\/index.php?rest_route=\/wp\/v2\/pages"}],"about":[{"href":"https:\/\/gusso.me\/index.php?rest_route=\/wp\/v2\/types\/page"}],"author":[{"embeddable":true,"href":"https:\/\/gusso.me\/index.php?rest_route=\/wp\/v2\/users\/1"}],"replies":[{"embeddable":true,"href":"https:\/\/gusso.me\/index.php?rest_route=%2Fwp%2Fv2%2Fcomments&post=179"}],"version-history":[{"count":1,"href":"https:\/\/gusso.me\/index.php?rest_route=\/wp\/v2\/pages\/179\/revisions"}],"predecessor-version":[{"id":180,"href":"https:\/\/gusso.me\/index.php?rest_route=\/wp\/v2\/pages\/179\/revisions\/180"}],"wp:attachment":[{"href":"https:\/\/gusso.me\/index.php?rest_route=%2Fwp%2Fv2%2Fmedia&parent=179"}],"curies":[{"name":"wp","href":"https:\/\/api.w.org\/{rel}","templated":true}]}}

<p><span style="font-weight: 400;">Nasci e cresci em uma pequena vila na região metropolitana de Curitiba. Com minha família, aprendi o valor de estar em contato com a natureza, de andar descalço e de cultivar boas relações, baseadas em respeito e afeto.</span></p>
<p><span style="font-weight: 400;">Na adolescência, ingressei no ensino técnico em eletrônica, onde aprendi a gerenciar minha própria vida acadêmica, escolhendo disciplinas e atividades nas quais participar. Durante esse período, tive o prazer de integrar a primeira equipe no Brasil a produzir biocombustível a partir de óleo de cozinha usado. Também me tornei profissional autônomo, realizando manutenção de computadores numa época em que anunciávamos no jornal impresso e recebíamos ligações em um pager (um pequeno aparelho que vibrava) para depois retornar aos clientes usando um orelhão.</span></p>
<p><span style="font-weight: 400;">Durante as manutenções nas casas das famílias e em pequenas empresas, descobri o que realmente me encantava: entender a complexidade dos comportamentos e dos relacionamentos humanos. Trabalhei em diferentes empresas com manutenção de computadores e equipamentos eletrônicos antes de transitar da eletrônica para a psicologia, em 2001.</span></p>
<p><span style="font-weight: 400;">Ao ingressar na graduação em Psicologia, encontrei meu lugar no mundo. Entre as disciplinas, a Análise do Comportamento me cativou por ser cientificamente embasada e por suas amplas aplicações para melhorar a vida em comunidade. Ao longo da graduação, me envolvi em projetos de pesquisa e intervenção, atuando em múltiplas áreas da psicologia: educação, organizacional, saúde, clínica e ambiental.</span></p>
<p><span style="font-weight: 400;">Minha carreira avançou na área de treinamento e consultoria empresarial, enquanto eu continuava a trajetória acadêmica com especialização, mestrado e doutorado. Na pós-graduação, tive a oportunidade de trabalhar com os professores Sílvio Botomé e Olga Kubo, que me ajudaram a compreender profundamente a Análise do Comportamento, especialmente a Programação de Ensino, que hoje é essencial na minha prática profissional.</span></p>
<p><span style="font-weight: 400;">Tornei-me professor universitário, ministrando disciplinas, orientando e supervisionando alunos de graduação, pós-graduação e profissionais em diferentes áreas. Lecionei por cinco anos na Universidade Positivo, período em que o curso foi classificado como o segundo melhor do país pelo MEC, e outros oito anos como professor concursado no Departamento de Psicologia da Universidade Federal de Santa Catarina (UFSC).</span></p>
<p><span style="font-weight: 400;">Ao longo do tempo, me especializei em tecnologias educacionais, desenvolvendo sistemas de ensino online baseados em Ciências do Comportamento para promover desempenho, retenção e satisfação de estudantes em cursos significativos para suas trajetórias profissionais. Minha paixão é ajudar as pessoas a ensinar e aprender.</span></p>
<p><span style="font-weight: 400;">Em 2023, realizei uma nova transição de carreira: desliguei-me do cargo de professor no Departamento de Psicologia da UFSC e assumi o posto de Head de Tecnologias Educacionais no PBS Together, um projeto para a formação de profissionais em suporte positivo ao comportamento, na Austrália. Atualmente, sigo essa jornada na Austrália, onde o governo me concedeu residência permanente ao reconhecer meu trabalho como um Talento Global em tecnologias educacionais.</span></p>
<p><span style="font-weight: 400;">Continuo com algumas atividades no Brasil, orientando pós-graduandos na UFSC, lecionando em cursos de pós-graduação online e supervisionando profissionais em Análise do Comportamento.</span></p>
<p><strong>Formação Acadêmica</strong></p>
<ul>
<li style="font-weight: 400;" aria-level="1"><span style="font-weight: 400;">Doutor em Psicologia (UFSC)</span></li>
<li style="font-weight: 400;" aria-level="1"><span style="font-weight: 400;">Mestre em Psicologia (UFSC)</span></li>
<li style="font-weight: 400;" aria-level="1"><span style="font-weight: 400;">Especialista em Administração (FAE)</span></li>
<li style="font-weight: 400;" aria-level="1"><span style="font-weight: 400;">Graduado em Psicologia (UFPR)</span></li>
<li style="font-weight: 400;" aria-level="1"><span style="font-weight: 400;">Auxiliar técnico em eletrônica (UTFPR)</span></li>
</ul>
<p><strong>Certificações e Títulos</strong></p>
<ul>
<li style="font-weight: 400;" aria-level="1"><span style="font-weight: 400;">Acreditado honorário como Analista do Comportamento pela Associação Brasileira de Ciências do Comportamento (ABPMC)</span></li>
<li style="font-weight: 400;" aria-level="1"><span style="font-weight: 400;">Psicólogo (CRP 08/06549)</span></li>
<li style="font-weight: 400;" aria-level="1"><span style="font-weight: 400;">Reconhecido como Global Talent em Tecnologia Educacional pelo governo australiano</span></li>
</ul>
<p><strong>Experiência Profissional </strong></p>
<p><strong>     Atualmente:</strong></p>
<ul>
<li style="font-weight: 400;" aria-level="1"><span style="font-weight: 400;">Head de Tecnologia Educacional &#8211; PBS Together, Austrália</span></li>
<li style="font-weight: 400;" aria-level="1"><span style="font-weight: 400;">Orientador voluntário de tese &#8211; Programa de Pós-Graduação em Psicologia, UFSC, Brasil</span></li>
<li style="font-weight: 400;" aria-level="1"><span style="font-weight: 400;">Professor de pós-graduação &#8211; Instituto Continuum, Brasil</span></li>
<li style="font-weight: 400;" aria-level="1"><span style="font-weight: 400;">Orientador e supervisor em Análise do Comportamento, com ênfase em OBM, tecnologia educacional e ensino superior</span></li>
</ul>
<p><span style="font-weight: 400;">     <strong>Experiência Anterior:</strong></span></p>
<ul>
<li style="font-weight: 400;" aria-level="1"><span style="font-weight: 400;">Professor do Departamento de Psicologia da UFSC (2015-2023)</span></li>
<li style="font-weight: 400;" aria-level="1"><span style="font-weight: 400;">Coordenador e membro da Comissão de Acreditação de Analistas do Comportamento da ABPMC (2017-2018)</span></li>
<li style="font-weight: 400;" aria-level="1"><span style="font-weight: 400;">Diretor da N1 Tecnologia Comportamental (2012-2015)</span></li>
<li style="font-weight: 400;" aria-level="1"><span style="font-weight: 400;">Professor do Curso de Psicologia da Universidade Positivo (2010-2015)</span></li>
<li style="font-weight: 400;" aria-level="1"><span style="font-weight: 400;">Consultor em treinamentos empresariais (2007-2014)</span></li>
<li style="font-weight: 400;" aria-level="1"><span style="font-weight: 400;">Professor de Psicologia na SOCIESC/FGV (2008-2010)</span></li>
<li aria-level="1">Diretor Executivo da Tramontrip ONG (2002-2006)</li>
</ul>

<p>Nasci e cresci em uma pequena vila na região metropolitana de Curitiba. Com minha família, aprendi o valor de estar em contato com a natureza, de andar descalço e de cultivar boas relações, baseadas em respeito e afeto. Na adolescência, ingressei no ensino técnico em eletrônica, onde aprendi a gerenciar minha própria vida acadêmica, escolhendo [&hellip;]</p>
