{"id":2,"date":"2022-12-22T13:40:26","date_gmt":"2022-12-22T13:40:26","guid":{"rendered":"https:\/\/gusso.me\/?page_id=2"},"modified":"2024-10-31T07:31:00","modified_gmt":"2024-10-31T07:31:00","slug":"publications","status":"publish","type":"page","link":"https:\/\/gusso.me\/?page_id=2","title":{"rendered":"Publications"},"content":{"rendered":"\r\n<p><strong><mark class=\"has-inline-color has-white-color\" style=\"background-color: rgba(0, 0, 0, 0);\">Journal Articles<\/mark><\/strong><\/p>\r\n\r\n\r\n\r\n<p>\r\n\r\n<\/p>\r\n<ol>\r\n<li>Schimdt Junior, N., <strong>Gusso<\/strong>, H.L. (in press). Reducing Attrition in MOOCs: Effects of Applying Educational Principles Based on Behavior Analysis. Brazilian Journal of Behaviour Analysis.<\/li>\r\n<li>Santos, A.C., <strong>Gusso<\/strong>, H.L. (in press). Development and evaluation of a checklist to program teaching based on Programming Conditions for Developing Behaviors. Brazilian Journal of Behaviour Analysis.<\/li>\r\n<li>Ramos, A.C., <strong>Gusso<\/strong>, H.L., Archer, A.B., Medeiros, C.M., Cardoso, G.M., Nercolini, V.P., Bitencourt, T. (2024).. Teaching Behaviour Analysis in Brazil: An examination of syllabus in undergraduate courses. Brazilian Journal of Behaviour Analysis. https:\/\/periodicos.ufpa.br\/index.php\/rebac\/article\/view\/16398<\/li>\r\n<li><strong>Gusso<\/strong>, H.L., Dos Santos, M.L.S., Dias, M.L.A.V., De Souza, S.J.R., &amp; Oliveira, R.S. (2022). Teaching Teachers to Propose Meaningful Learning Objectives: A MOOC case study. ASCILITE Publications, e22130-e22130. https:\/\/doi.org\/10.14742\/apubs.2022.130<\/li>\r\n<li>Mackenzie, A., Bacalja, A., Annamali, D., &amp; <strong>et. al<\/strong>. (2021). <a href=\"https:\/\/doi.org\/10.1007\/s42438-021-00259-z\" target=\"_blank\" rel=\"noreferrer noopener\">Dissolving the Dichotomies Between Online and Campus-Based Teaching: a Collective Response to The Manifesto for Teaching Online<\/a> (Bayne et al. 2020). <em>Postdigital Science and Education.<\/em><\/li>\r\n<li>\r\n\r\n<strong>Gusso<\/strong>, H.L., Medeiros, C.M., &amp; Santos, M.L.S. (2021). <a href=\"https:\/\/doi.org\/10.18542\/rebac.v17i2.11693\" target=\"_blank\" rel=\"noreferrer noopener\">CAPSI: Characterization of an online version of the Personalized System of Instruction<\/a>. <em>Brazilian Journal of Behavior Analysis, 17<\/em>(2).<\/li>\r\n<li>\r\n\r\n<strong>Gusso<\/strong>, H.L., Schuster, J.H., &amp; Gomes, Q.S. (2021). <a href=\"https:\/\/doi.org\/10.20935\/AL2004\" target=\"_blank\" rel=\"noreferrer noopener\">Emergency Remote Teaching: A brief report on a course for students and university professors regarding teaching during the pandemic<\/a>. <em>Academia Letters.<\/em><\/li>\r\n<li>\r\n\r\n<strong>Gusso<\/strong>, H., Archer, A.B., Luiz, F.B., Sah\u00e3o, F.T., Luca, G.G., Henklain, M.H.P., Panosso, M.G., Kienen, N., Beltramello, O., &amp; Gon\u00e7alves, V.M. (2020). <a href=\"https:\/\/dx.doi.org\/10.1590\/es.238957\" target=\"_blank\" rel=\"noreferrer noopener\">Higher Education in the times of pandemic: University management guidelines<\/a>. <em>Education &amp; Society, 41.<\/em><\/li>\r\n<li>\r\n\r\n<strong>Gusso<\/strong>, H.L. (2020). <a href=\"https:\/\/doi.org\/10.31505\/rbtcc.v21i4.1379\" target=\"_blank\" rel=\"noreferrer noopener\">The public employee facing unconstitutional policies: Organization, State, Power, Stability and Social Control<\/a>.<strong>\u00a0<\/strong><em>Brazilian Journal of Behavioral and Cognitive Therapy, 21<\/em>(4), 524-543.<\/li>\r\n<li>\r\n\r\n<strong>Gusso<\/strong>, H. L., Alvarenga, A. S., Nunes, P. P., Nunes, M. F. O., De Luca, G. G., &amp; Oliveira, M. Z. (2019).<a href=\"http:\/\/doi.org\/10.17652\/rpot\/2019.3.16131\" target=\"_blank\" rel=\"noreferrer noopener\">\u00a0Industrial and Organizational Psychology in Southern Brazil: Characteristics of professionals, practices, and work contexts<\/a>. Journal <em>Psychology: Organizations and work, 19<\/em>(3), 644-652.<\/li>\r\n<li>\r\n\r\nTorres, R.B.M.; <strong>Gusso<\/strong>, H.L. (2018).<a href=\"http:\/\/www.revistas.unam.mx\/index.php\/acom\/article\/view\/63596\" target=\"_blank\" rel=\"noreferrer noopener\"> Effect of Three Types of Feedback Contents on Task Performance<\/a>. Acta Comportamentalia,\u00a0<em>26<\/em>, 53-69.<\/li>\r\n<li>\r\n\r\nNascimento, A.R.; <strong>Gusso<\/strong>, H,L. (2017).\u00a0<a href=\"http:\/\/dx.doi.org\/10.5380\/psi.v21i1.46287\" target=\"_blank\" rel=\"noreferrer noopener\">Professional behavioral classes of social parents identified in literature through behavioral analysis<\/a><strong>.<\/strong> INTERA\u00c7\u00c3O EM PSICOLOGIA ,\u00a0<em>21<\/em>,\u00a0 39-54.\u00a0\u00a0<\/li>\r\n<li>\r\n\r\n<strong>Gusso<\/strong>, H.L., Strapasson, B.A., &amp; Gutierrez, F. (2012).<a href=\"https:\/\/www.researchgate.net\/publication\/305770044_Jogos_de_AEC_Autobiografia_de_um_Rato_Profissional_em_Basquete\" target=\"_blank\" rel=\"noreferrer noopener\">\u00a0Experimental Analysis of Behavior Games<strong>: <\/strong>Autobiography of a professional basketball rat<\/a>.\u00a0Boletim Contexto, v. 1, p. 141-157, 2012.<\/li>\r\n<li>\r\n\r\n<strong>Gusso<\/strong>, H.L., &amp; Sampaio, A. (2011).\u00a0Sustainability and Global Warming: Can Behavior Analysis Help?. Boletim Contexto, v. 34, p. 10-19, 2011.<\/li>\r\n<li>\r\n\r\n<strong>Gusso<\/strong>, H.L., &amp; Kubo, O.M. (2007).\u00a0 <a href=\"http:\/\/pepsic.bvsalud.org\/scielo.php?script=sci_arttext&amp;pid=S1517-55452007000100011\" target=\"_blank\" rel=\"noreferrer noopener\">The concept of culture: After all, is the Young metacontingency necessary? <\/a>Revista Brasileira de Terapia Comportamental e Cognitiva, 9, p. 139-144.<\/li>\r\n<\/ol>\r\n\r\n\r\n\r\n\r\n\r\n<p>&nbsp;<\/p>\r\n\r\n\r\n\r\n<p><strong>Books<\/strong><\/p>\r\n<ol>\r\n<li>Feitosa, L.R.C., &amp; <strong>Gusso<\/strong>, H.L. (2022). Higher Education and Professional Training: Debates on Post-Pandemic Higher Education. Federal University of Santa Catarina. https:\/\/comportamento.paginas.ufsc.br\/files\/2022\/12\/EBOOK_ENSINO-SUPERIOR-E-FORMAC%CC%A7A%CC%83O-PROFISSIONAL_221212_142113.pdf\u00a0<\/li>\r\n<li>\r\n\r\nBolsoni-Silva, A.T., Zilio, D., <strong>Gusso<\/strong>, H.L., Almeida, J.H., &amp; Mayer, P.C.M. (orgs.) (2020). <a href=\"http:\/\/abpmc.org.br\/arquivos\/publicacoes\/1595852290a12e5bc8.pdf\"><em>Behavior in Focus 10: Clinics and Health<\/em><\/a><em>. <\/em>S\u00e3o Paulo: ABPMC.\u00a0<\/li>\r\n<li>\r\n\r\nBolsoni-Silva, A.T., Zilio, D., <strong>Gusso<\/strong>, H.L., Almeida, J.H., &amp; Mayer, P.C.M. (orgs.) (2020). <a href=\"http:\/\/abpmc.org.br\/arquivos\/publicacoes\/15731270280143c905.pdf\"><em>Behavior in Focus 9: Theoretical analysis, Education and Social Issues<\/em><\/a><em>. <\/em>S\u00e3o Paulo: ABPMC.<\/li>\r\n<li>\r\n\r\nVilas Boas, D.L.O., Cassas, F., <strong>Gusso<\/strong>, H.L., &amp; Mayer, P.C.M. (orgs.) (2018).<a href=\"http:\/\/abpmc.org.br\/arquivos\/publicacoes\/15200164548d97054097f6.pdf\"> <em>Behavior in Focus 7: Teaching, Verbal Behavior and Conceptual Analysis<\/em><\/a><em>. <\/em>S\u00e3o Paulo: ABPMC.<\/li>\r\n<li>\r\n\r\n<strong>Gusso<\/strong>, H.L., Archer, A.B., Medeiros, C.O., Cardoso, G.M., Rosa, T.B., &amp; De Luca, G.G. (orgs.) (2018). <a href=\"https:\/\/jacfloripa.paginas.ufsc.br\/files\/2018\/10\/JACUFSC.pdf\"><em>Proceedings of the First Behavior Analysis Conference at Florian\u00f3polis-SC<\/em><\/a><em>. <\/em>Florian\u00f3polis: UFSC.<\/li>\r\n<li>\r\n\r\nVilas Boas, D.L.O., Cassas, F., <strong>Gusso<\/strong>, H.L., &amp; Mayer, P.C.M. (orgs.) (2017). <a href=\"http:\/\/abpmc.org.br\/arquivos\/publicacoes\/15073093155e77f45773d.pdf\"><em>Behavior in Focus 6: Clinics and Health<\/em><\/a><em>. <\/em>S\u00e3o Paulo: ABPMC<\/li>\r\n<li>\r\n\r\nVilas Boas, D.L.O., Cassas, F., &amp; <strong>Gusso<\/strong>, H.L. (orgs.) (2017). <a href=\"http:\/\/abpmc.org.br\/arquivos\/publicacoes\/15054303790a9e3cc52.pdf\"><em>Behavior in Focus 5: Organizational Behavior Management<\/em><\/a><em>. <\/em>S\u00e3o Paulo: ABPMC.<\/li>\r\n<li>\r\n\r\n<strong>Gusso<\/strong>, H.L. (2015). <em>Job analysis, recruitment and selection: A practical guide to increase the effectiveness to contract professionals. <\/em>Curitiba: N1 Behavioral Technology.<\/li>\r\n<\/ol>\r\n\r\n\r\n\r\n<p>&nbsp;<\/p>\r\n\r\n\r\n\r\n<p><strong>Book Chapters<\/strong><\/p>\r\n<ol>\r\n<li>Gusso, H.L.; Ramos, A.C.; &amp; Strapasson, B.A. (2024). Single-case Experimental Design: Achievements and Limits. In: Leonardi, Catelan, Josua &amp; Caetano (eds). Evidence-Based Practice in Clinical Psychology: Theoretical Fundamentals, Methodological Issues and Guidelines for its Implementation. Manole.<\/li>\r\n<li><b>Gusso<\/b><span style=\"font-weight: 400;\">, H.L. (2024). Higher Education and Educational Technologies Before, During, and After the Pandemic. In: Ferrari, M.A., &amp; Martins, J. (2024). <\/span><i><span style=\"font-weight: 400;\">Academic Colloquiums ABRAPCORP: Connecting Teaching Experiences<\/span><\/i><span style=\"font-weight: 400;\">. Megan.<\/span><\/li>\r\n<li>\r\n\r\n<strong>Gusso<\/strong>, H.L.; Archer, A.B.; &amp; Ramos, A.C. (2022). <a href=\"https:\/\/repositorio.ufms.br\/bitstream\/123456789\/5050\/1\/Tecnologiasdigitaise_reinven%c3%a7%c3%b5es_de_pr%c3%a1ticas_educativas.pdf\" target=\"_blank\" rel=\"noreferrer noopener\">Integration between educational principles and digital technologies: The case of the Operanda MOOC Platform<\/a>. Em: Daiani Damm Tonetto Riedner. Digital Technologies and and reinventions of educational practices in different training scenarios. Universidade Federal do Mato Grosso do Sul: Campo Grande.\u00a0<\/li>\r\n<li>\r\n\r\n<strong>Gusso<\/strong>, H.L., &amp; Archer, A.B. (2020). Personal Recruitment and Selection: Psychologists professional behavior consistent with their role in organizations and with the available scientific knowledge. In: Suzana da Rosa Tolfo. (Org.). Human Resources and Workers Mental Health: Fundamental and interventions based on Psychology. 1ed.S\u00e3o Paulo: Editora Vetor, 2020, v. 1, p. 39-68.<\/li>\r\n<li>\r\n\r\n<strong>Gusso<\/strong>, H.L., &amp; Pitz, S. M. C. (2018).<a href=\"https:\/\/www.researchgate.net\/publication\/330400299_A_proposicao_da_missao_de_uma_organizacao_contribuicoes_da_analise_de_sistemas_comportamentais_para_caracterizar_organizacoes?_sg%5B0%5D=8QrjYdV658WC4uxxwxYH74wqZngWG844ljYoOGOCeykf5J2lk8ZR81awdogPbC9nIUpHKitTR1UWUr-kr0agBqd9F03tkIJlvc86J8dR.QnnFl3ZhRqG037Xb19w4oIysppo1MEHgzB6mU4BggqNSACQlhYeeXVIwkm-3I78MYSliAPOJdtDr-C2HBHBMzQ\" target=\"_blank\" rel=\"noreferrer noopener\"> The proposition of an organization&#8217;s mission: Contributions of Behavioral Systems Analysis to characterize organizations<\/a>. In: N\u00e1dia Kienen; Silvia Regina de Souza Arrabal Gil; Josiane Cec\u00edlia Luzia; Jonas Gamba. (Org.). Behavior analysis: concepts and applications to clinical, organizational and educational processes. 1ed. Londrina: UEL, 2018, v. 1, p. 154-165.<\/li>\r\n<li>\r\n\r\nMello, A.S., Strapasson, B.A., &amp; <strong>Gusso<\/strong>, H.L. (2018). <a href=\"http:\/\/abpmc.org.br\/arquivos\/publicacoes\/15200164548d97054097f6.pdf\" target=\"_blank\" rel=\"noreferrer noopener\">Parameters of Water Deprivation for the Use of Rats in the Didactic Laboratory: Deprivation time and light-dark cycle<\/a>. In: Vilas Boas, D.; Cassas, F.; Gusso, H.L.; Mayer, P.R.M. (Org.). Behavior in Focus 7: Teaching, Verbal Behavior and Conceptual Analysis. 1ed.S\u00e3o Paulo: Brazilian Association of Behavioral Psychology and Medicine, v. 7, p. 19-34.<\/li>\r\n<li>\r\n\r\n<strong>Gusso<\/strong>, H.L., &amp; De Luca, G.G. (2017). <a href=\"http:\/\/abpmc.org.br\/arquivos\/publicacoes\/15054303790a9e3cc52.pdf\" target=\"_blank\" rel=\"noreferrer noopener\">Organizations as Behavioral Systems: Considerations for a Delimitation of theProfessional Fiel<\/a>. In: Denise L. Oliveira Vilas Boas; Fernando Cassas; Helder Lima Gusso. (Org.). Behavior in Focus 5: Organizational Behavior Management. 1ed.S\u00e3o Paulo: Brazilian Association of Behavioral Psychology and Medicine, 2017, v. 5, p. 28-40.<\/li>\r\n<li>\r\n\r\n<strong>Gusso<\/strong>, H.L. (2017). <a href=\"http:\/\/abpmc.org.br\/arquivos\/publicacoes\/15054303790a9e3cc52.pdf\" target=\"_blank\" rel=\"noreferrer noopener\">Challenges for Behavior Analysts in the Brazilian Organizational Field<\/a>. In: Denise L. Oliveira Vilas Boas; Fernando Cassas; Helder Lima Gusso. (Org.). Behavior in Focus 5: Organizational Behavior Management. 1ed.S\u00e3o Paulo: Brazilian Association of Behavioral Psychology and Medicine, 2017, v. 5, p. 77-86.<\/li>\r\n<li>\r\n\r\n<strong>Gusso<\/strong>, H.L., &amp; Dias, A.F. (2008). The role of Sustainability Indicators for Cultural Planning and for Environmental Education Processes. In: Wander C.M. Pereira da Silva. (Org.). About Behavior and Cognition, vol.21. Santo Andr\u00e9: ESETec, 2008, v. 21, p. 315-326.<\/li>\r\n<\/ol>\r\n\r\n\r\n\r\n<p>&nbsp;<\/p>\r\n\r\n\r\n\r\n<p><strong>Conference Proceedings<\/strong><\/p>\r\n<ol>\r\n<li><strong>Gusso<\/strong>, H.L., dos Santos, M.L.S., Dias, M.L.A.V., de Souza, S.J.R., &amp; Oliveira, R.S. (2022). Teaching teachers to propose meaningful learning objectives: A MOOC case study. Proceedings of ASCILITE 2022 in Sydney. https:\/\/doi.org\/10.14742\/apubs.2022.130<\/li>\r\n<li>\r\n\r\nOliveira, C.M., <strong>Gusso<\/strong>, H.L., Lorandi, J.M., &amp; Sandi, N. (2021). <a href=\"http:\/\/projetos.ese.ips.pt\/cde20\/index.php\/atas-anais\/\" target=\"_blank\" rel=\"noreferrer noopener\">Comparison of students\u2019 performance in face-to-face class and emergency remote teaching in a university course<\/a>. Procedings of the Digital Culture and Education in the decade of 20 (CDE 20). Set\u00fabal, Portugal: Escola Superior de Educa\u00e7\u00e3o do Instituto Polit\u00e9cnico de Set\u00fabal.<\/li>\r\n<li>\r\n\r\nBordignon-Luiz, F; De Luca, G G..; Kienen, N. &amp;\u00a0<strong>Gusso<\/strong>, H. L. (2019).<a href=\"http:\/\/www.savecc.com\/octavocongreso\/libro%20resumenes%20VIII%20SAVECC.pdf\" target=\"_blank\" rel=\"noreferrer noopener\">\u00a0Programming of Teaching: A teaching technology based on Behavior Analysis<\/a>. Sociedad para el Avance del Estudio Cient\u00edfico del Comportamiento.<\/li>\r\n<li>\r\n\r\nOliveira, C.M.; Nercolini, V.P.; <strong>Gusso<\/strong>, H.L.; Archer, A.B.; Cardoso, G.M. &amp; Bitencourt, T.R. (2019).\u00a0Criteria for deriving learning objectives from false objectives.<strong>\u00a0<\/strong>In: Proceedings of the XXVIII Brazilian Conference Behavioral Psychology and Medicine. Goi\u00e2nia. <a href=\"http:\/\/doi.org\/10.13140\/RG.2.2.23997.20969\">http:\/\/doi.org\/10.13140\/RG.2.2.23997.20969<\/a>\u00a0<\/li>\r\n<li>\r\n\r\nMello, V.O.; &amp; <strong>Gusso<\/strong>, H.L. (2019).\u00a0Mission Statement and its impact on the development of a new online social network. In: Proceedings of the XXVIII Brazilian Conference Behavioral Psychology and Medicine. Goi\u00e2nia. doi: <a href=\"http:\/\/doi.org\/10.13140\/RG.2.2.17286.32322\">http:\/\/doi.org\/10.13140\/RG.2.2.17286.32322<\/a>\u00a0<\/li>\r\n<li>\r\n\r\nNercolini, V.P.; Oliveira, C.M.; <strong>Gusso<\/strong>, H.L.; &amp; Archer, A.B. (2019).\u00a0Process for Online Courses Development According to Programming of Teaching Principles.<strong>\u00a0<\/strong>In: Proceedings of the XXVIII Brazilian Conference Behavioral Psychology and Medicine. Goi\u00e2nia. doi: <a href=\"http:\/\/doi.org\/10.13140\/RG.2.2.30708.09603\">http:\/\/doi.org\/10.13140\/RG.2.2.30708.09603<\/a>\u00a0<\/li>\r\n<li>\r\n\r\nKannenberg, P.H.P.; &amp; <strong>Gusso<\/strong>, H.L. (2019).\u00a0The use of tests in learning assessments: A new proposal from the Programming of Teaching<strong>.<\/strong> In: Proceedings of the XXVIII Brazilian Conference Behavioral Psychology and Medicine. Goi\u00e2nia. doi: <a href=\"http:\/\/doi.org\/10.13140\/RG.2.2.20641.76640\">http:\/\/doi.org\/10.13140\/RG.2.2.20641.76640<\/a>\u00a0<\/li>\r\n<li>\r\n\r\n<strong>Gusso<\/strong>, H.L.; Archer, A. B.; Rosa, T. B.;\u00a0Cardoso, G. M.; Medeiros, C. (2018)\u00a0Teaching Behavior Analysis in Brazil: Presence in undergraduate courses and learning objectives derived from syllabus. In: Proceedings of the First Behavior Analysis Conference of Florian\u00f3polis. Florian\u00f3polis: CFH\/UFSC, 2018. v.1. p.45 \u2013 47. Available at:\u00a0<a href=\"http:\/\/jacfloripa.paginas.ufsc.br\/files\/2018\/10\/JACUFSC.pdf\">http:\/\/jacfloripa.paginas.ufsc.br\/files\/2018\/10\/JACUFSC.pdf<\/a><\/li>\r\n<li>\r\n\r\nMoura, E. S., Santi, F., Lavandoski, J. Delgado, R. V., &amp; <strong>Gusso<\/strong>, H.L. (2015).\u00a0A Process to Analyse Employee Turnover in a Hospital. In: Proceeding of the First Brazilian Conference on Organizational Behavior Management, 2015, Curitiba, p. 17-18. Available at: <a href=\"https:\/\/obmbrasil.files.wordpress.com\/2013\/10\/i-obm-caderno-de-resumos.pdf\">https:\/\/obmbrasil.files.wordpress.com\/2013\/10\/i-obm-caderno-de-resumos.pdf<\/a>\u00a0<\/li>\r\n<li>\r\n\r\nPinto, P. U., Sikora, S. C., Almeida, B. C., &amp; <strong>Gusso<\/strong>, H.L. (2015).\u00a0Development of a Training Assessment Tool related to the development of the competence \u201cLeading People in Organizations\u201d. In: Proceeding of the First Brazilian Conference on Organizational Behavior Management, 2015, Curitiba, p. 21-22. Available at: <a href=\"https:\/\/obmbrasil.files.wordpress.com\/2013\/10\/i-obm-caderno-de-resumos.pdf\">https:\/\/obmbrasil.files.wordpress.com\/2013\/10\/i-obm-caderno-de-resumos.pdf<\/a><\/li>\r\n<li>\r\n\r\nAlmeida, D. S., Rodrigues, G. M., Barbosa, G. V., Campos, R. S., <strong>Gusso<\/strong>, H.L., &amp; Luiz, F.B. (2015).\u00a0Driving Strategic Changes through Behavioral Systems Analysis. In: Proceeding of the First Brazilian Conference on Organizational Behavior Management, 2015, Curitiba, p. 23-24. Available at: <a href=\"https:\/\/obmbrasil.files.wordpress.com\/2013\/10\/i-obm-caderno-de-resumos.pdf\">https:\/\/obmbrasil.files.wordpress.com\/2013\/10\/i-obm-caderno-de-resumos.pdf<\/a><\/li>\r\n<li>\r\n\r\nKryzanovski, A. S., &amp; <strong>Gusso<\/strong>, H.L. (2015).\u00a0Evaluation of an Analytical-Behavioral Training for Job Analysis, Recruitment and Selection. In: Proceeding of the First Brazilian Conference on Organizational Behavior Management, 2015, Curitiba, p. 25-26. Available at: <a href=\"https:\/\/obmbrasil.files.wordpress.com\/2013\/10\/i-obm-caderno-de-resumos.pdf\">https:\/\/obmbrasil.files.wordpress.com\/2013\/10\/i-obm-caderno-de-resumos.pdf<\/a><\/li>\r\n<li>\r\n\r\nKryzanovski, A. S., Rodrigues, N. B., Souza, M.C.S., Fugita, L., De Luca, G.G., &amp; <strong>Gusso<\/strong>, H.L. (2015)\u00a0Organization of Constituent Behaviors of the class \u201cResolving Occurrences of Conflicts in Organizations\u201d in a Behavioral System. In: Proceeding of the First Brazilian Conference on Organizational Behavior Management, 2015, Curitiba, p. 27-28. Available at: <a href=\"https:\/\/obmbrasil.files.wordpress.com\/2013\/10\/i-obm-caderno-de-resumos.pdf\">https:\/\/obmbrasil.files.wordpress.com\/2013\/10\/i-obm-caderno-de-resumos.pdf<\/a><\/li>\r\n<li>\r\n\r\nPianowski, M. T., &amp; <strong>Gusso<\/strong>, H.L. (2015).\u00a0From Strategy conception to Organizational Behavior Management: Possibilities for the Work Psychologist in Small Businesses.\u00a0In: Proceeding of the First Brazilian Conference on Organizational Behavior Management, 2015, Curitiba, p.29-30. Available at: <a href=\"https:\/\/obmbrasil.files.wordpress.com\/2013\/10\/i-obm-caderno-de-resumos.pdf\">https:\/\/obmbrasil.files.wordpress.com\/2013\/10\/i-obm-caderno-de-resumos.pdf<\/a><\/li>\r\n<li>\r\n\r\nBach, C., Mika, C., De Luca, G.G., &amp; <strong>Gusso<\/strong>, H.L. (2015).\u00a0 Behavior classes to be Presented by Social Parents in Home-shelters Organized in a Behavioral System.\u00a0In: Proceeding of the First Brazilian Conference on Organizational Behavior Management, 2015, Curitiba, p.33-34. Available at: <a href=\"https:\/\/obmbrasil.files.wordpress.com\/2013\/10\/i-obm-caderno-de-resumos.pdf\">https:\/\/obmbrasil.files.wordpress.com\/2013\/10\/i-obm-caderno-de-resumos.pdf<\/a><\/li>\r\n<li>\r\n\r\nMello, A.S., Donadeli, J.M., &amp; <strong>Gusso<\/strong>, H.L. (2013).\u00a0Behavior analysis in organizations: Experience report in a psychology school service. In: I South-Brazilian conference on Behavior Analysis, Curitiba. Proceedings of the\u00a0 I Southern-Brazilian conference on Behavior Analysis.<\/li>\r\n<li>\r\n\r\nNascimento, A.R., &amp; <strong>Gusso<\/strong>, H.L. (2013).<strong>\u00a0<\/strong> Professional behavior-classes of social parents in shelter-homes. In: I South-Brazilian conference on Behavior Analysis, Curitiba. Proceedings of the I Southern-Brazilian conference on Behavior Analysis.<\/li>\r\n<\/ol>\r\n\r\n\r\n","protected":false},"excerpt":{"rendered":"<p>Journal Articles Schimdt Junior, N., Gusso, H.L. (in press). Reducing Attrition in MOOCs: Effects of Applying Educational Principles Based on Behavior Analysis. Brazilian Journal of Behaviour Analysis. Santos, A.C., Gusso, H.L. (in press). Development and evaluation of a checklist to program teaching based on Programming Conditions for Developing Behaviors. Brazilian Journal of Behaviour Analysis. Ramos, [&hellip;]<\/p>\n","protected":false},"author":1,"featured_media":0,"parent":0,"menu_order":0,"comment_status":"closed","ping_status":"closed","template":"","meta":{"footnotes":""},"class_list":["post-2","page","type-page","status-publish","hentry"],"_links":{"self":[{"href":"https:\/\/gusso.me\/index.php?rest_route=\/wp\/v2\/pages\/2","targetHints":{"allow":["GET"]}}],"collection":[{"href":"https:\/\/gusso.me\/index.php?rest_route=\/wp\/v2\/pages"}],"about":[{"href":"https:\/\/gusso.me\/index.php?rest_route=\/wp\/v2\/types\/page"}],"author":[{"embeddable":true,"href":"https:\/\/gusso.me\/index.php?rest_route=\/wp\/v2\/users\/1"}],"replies":[{"embeddable":true,"href":"https:\/\/gusso.me\/index.php?rest_route=%2Fwp%2Fv2%2Fcomments&post=2"}],"version-history":[{"count":29,"href":"https:\/\/gusso.me\/index.php?rest_route=\/wp\/v2\/pages\/2\/revisions"}],"predecessor-version":[{"id":195,"href":"https:\/\/gusso.me\/index.php?rest_route=\/wp\/v2\/pages\/2\/revisions\/195"}],"wp:attachment":[{"href":"https:\/\/gusso.me\/index.php?rest_route=%2Fwp%2Fv2%2Fmedia&parent=2"}],"curies":[{"name":"wp","href":"https:\/\/api.w.org\/{rel}","templated":true}]}}